
In base 12, what is -3191 - 0?
-3191
In base 8, what is -25 - -23132?
23105
In base 12, what is -6a + 141b?
1371
In base 10, what is 5535 - -105?
5640
In base 11, what is 18 + -14789?
-14771
In base 5, what is 1401 - 20004?
-13103
In base 13, what is -1a - 34b7?
-3504
In base 16, what is -5 + b3d4?
b3cf
In base 8, what is -457 + -1557?
-2236
In base 16, what is -476a + -5?
-476f
In base 15, what is -5 + 548d?
5488
In base 6, what is 202 - 333525?
-333323
In base 13, what is -a82b + 0?
-a82b
In base 4, what is 0 + -2333300?
-2333300
In base 7, what is 145 - 4515?
-4340
In base 16, what is -8704 + -4?
-8708
In base 7, what is 46 + 62161?
62240
In base 11, what is -1011842 + -5?
-1011847
In base 15, what is -19a61 - 0?
-19a61
In base 12, what is -41 + -12?
-53
In base 8, what is -7 - 6106?
-6115
In base 4, what is 10013 - -23?
10102
In base 13, what is -918c + -a?
-9199
In base 8, what is 0 - 1617277?
-1617277
In base 10, what is 158 + 395?
553
In base 8, what is -2326 + 5027?
2501
In base 16, what is -207bc + -4?
-207c0
In base 15, what is -d1b2 - 1?
-d1b3
In base 13, what is -94 - -b2?
1b
In base 5, what is -2344300 + -10?
-2344310
In base 5, what is -243 + -42101?
-42344
In base 16, what is -d3 + 460?
38d
In base 8, what is -73067 - 106?
-73175
In base 11, what is -6062 + -48?
-60aa
In base 3, what is -11 + 12010222002?
12010221221
In base 15, what is -2 - 597?
-599
In base 3, what is -211002120 - 11?
-211002201
In base 13, what is 4 - -18069c?
1806a3
In base 12, what is 2 - 24b04?
-24b02
In base 15, what is 31 - 45?
-14
In base 7, what is 11441 - -2?
11443
In base 6, what is 10141103 - 2?
10141101
In base 15, what is -5 + 36637?
36632
In base 15, what is 27 + 482?
4a9
In base 14, what is 1b + 13?
30
In base 12, what is -1 + -b942?
-b943
In base 3, what is 2001221111000 + 1?
2001221111001
In base 11, what is 3 - -a411a4?
a411a7
In base 15, what is 43 - 596c?
-5929
In base 11, what is 9510 + -5?
9506
In base 9, what is 2 + 2705?
2707
In base 4, what is 203201231 - -11?
203201302
In base 4, what is -1012 - -2132032?
2131020
In base 9, what is 12783 + -2?
12781
In base 12, what is -3379 + b?
-336a
In base 10, what is -5016 - -470?
-4546
In base 7, what is -251 - 352?
-633
In base 15, what is -272 + -259?
-4cb
In base 16, what is 5 + -f37?
-f32
In base 8, what is -40640 - -2?
-40636
In base 10, what is -5377 - 493?
-5870
In base 15, what is -c59 + 1?
-c58
In base 11, what is -160aa + -5?
-16104
In base 14, what is 122 - 20d4?
-1db2
In base 8, what is 354 + -374?
-20
In base 3, what is 210011 - -210220?
1121001
In base 12, what is 10717 + -4?
10713
In base 6, what is 1150424 + 0?
1150424
In base 12, what is 37114 - 1?
37113
In base 3, what is -11 + 2001212100?
2001212012
In base 11, what is -5 + 303385?
303380
In base 4, what is 11 + -1310132301?
-1310132230
In base 8, what is -1 + -33015?
-33016
In base 16, what is 29 + -46?
-1d
In base 7, what is -113532 - -13?
-113516
In base 14, what is -b83ab + -4?
-b83b1
In base 13, what is 7 + 28599?
285a3
In base 13, what is -4 - -5430?
5429
In base 16, what is -acada + 1?
-acad9
In base 8, what is -21 - 42070?
-42111
In base 9, what is -10277 + 7?
-10270
In base 7, what is 11045 - 41?
11004
In base 14, what is 46695 - 5?
46690
In base 10, what is 15946 - 64?
15882
In base 4, what is 1032 - 10232?
-3200
In base 16, what is -1 - c8f?
-c90
In base 13, what is -789c - 5?
-78a4
In base 6, what is 14252341 + -5?
14252332
In base 12, what is 4 + -3a783?
-3a77b
In base 6, what is -510 - -511?
1
In base 6, what is 42554 + 314?
43312
In base 2, what is 100 - 1001010000111111010?
-1001010000111110110
In base 8, what is -106311 - 5?
-106316
In base 15, what is a - 156c1?
-156b6
In base 2, what is -10011101011 + 1000111011?
-1010110000
In base 15, what is 87008 + -3?
87005
In base 9, what is 1518 - 14?
1504
In base 3, what is 112 - -202220?
210102
In base 5, what is -2411123 + -2?
-2411130
In base 5, what is 11304031 + 20?
11304101
In base 8, what is -64443 + -5?
-64450
In base 4, what is -1211232 + -210?
-1212102
In base 3, what is 122 - 1022122222?
-1022122100
In base 12, what is 15 + -5595?
-5580
In base 13, what is 20778 + 27?
207a2
In base 16, what is -2e9 + b8?
-231
In base 11, what is 155 + a55?
10aa
In base 7, what is -5 - 2056511?
-2056516
In base 3, what is -12121 + -212011221?
-212101112
In base 7, what is 5 - 1055432?
-1055424
In base 9, what is -4735 + -316?
-5152
In base 12, what is -4b - 2686b?
-268ba
In base 13, what is -489 - 198?
-654
In base 12, what is 135b74 + 1?
135b75
In base 16, what is 6799 - 4?
6795
In base 7, what is -2342365 - 4?
-2342402
In base 8, what is 206 - 323?
-115
In base 16, what is -207d - 4?
-2081
In base 2, what is 101001110 - -1100101111000?
1101011000110
In base 12, what is a4a + 16?
a64
In base 12, what is -53503 + -19?
-53520
In base 4, what is -1100110233 + -2?
-1100110301
In base 6, what is -2 - 3045543?
-3045545
In base 15, what is -18 - 8c0c?
-8c25
In base 10, what is -4 + 10523?
10519
In base 9, what is -100 - -521?
421
In base 13, what is -96a + -370?
-100a
In base 13, what is 3254 + 9?
3260
In base 14, what is -9ca - -aa?
-920
In base 3, what is -121212122 - -10212?
-121201210
In base 5, what is 20443 + -34?
20404
In base 14, what is -5 - 5bc4?
-5bc9
In base 7, what is 5 + -44040?
-44032
In base 16, what is -b35 - -1?
-b34
In base 9, what is -136 + -342?
-478
In base 10, what is -26 + -6498?
-6524
In base 4, what is -100 - -222031?
221331
In base 13, what is 597b + -1?
597a
In base 14, what is 1a + -245a?
-2440
In base 11, what is 3 + 14147?
1414a
In base 15, what is 10e - 7ce?
-6c0
In base 15, what is 28 - -589?
5b2
In base 11, what is 35a363 + 14?
35a377
In base 3, what is 1021 + -12112000001?
-12111221210
In base 3, what is -110201 + -12102010?
-12212211
In base 2, what is 10001101001111100 - -11011?
10001101010010111
In base 16, what is -54cde + 4?
-54cda
In base 14, what is -4 - -43c3?
43bd
In base 10, what is 24396 - -4?
24400
In base 15, what is 397 - -7?
39e
In base 8, what is -7 - -665712?
665703
In base 11, what is 1 + 1381?
1382
In base 16, what is -2 + f100?
f0fe
In base 7, what is 5 + -65066?
-65061
In base 4, what is -2 - -2123222331?
2123222323
In base 13, what is -308c7a + -5?
-308c82
In base 5, what is -11211220 - -2?
-11211213
In base 6, what is 5413 + -212?
5201
In base 2, what is -10110011110001101 + 11?
-10110011110001010
In base 6, what is -3251130 + 1?
-3251125
In base 10, what is -6 - 142423?
-142429
In base 3, what is 11111211 - -20?
11112001
In base 3, what is -2020 - -1222012?
1212222
In base 7, what is -433 - 2630?
-3363
In base 16, what is 14ff2c + -5?
14ff27
In base 14, what is b - 36a8?
-369b
In base 16, what is -142 - -a8?
-9a
In base 7, what is -1430 + 11210?
6450
In base 2, what is -10111010010 + 11101?
-10110110101
In base 16, what is 296 - 2252?
-1fbc
In base 5, what is -21412 - -14?
-21343
In base 14, what is 3 + a62a?
a62d
In base 11, what is 362a6 + -5?
362a1
In base 14, what is c0 + -54d?
-46d
In base 11, what is -62674 + -3?
-62677
In base 3, what is -1011 - 1022110?
-1100121
In base 5, what is 114211213 + -4?
114211204
In base 8, what is 11 + 3147?
3160
In base 11, what is -7 - 22057?
-22063
In base 10, what is -3031510 - 4?
-3031514
In base 10, what is 23 - -38559?
38582
In base 14, what is 1 - -2cb2a0?
2cb2a1
In base 13, what is 60a - 1b?
5bc
In base 9, what is 18 - 17200?
-17171
In base 7, what is 255502 - -5?
255510
In base 6, what is 2 - 2233321?
-2233315
In base 11, what is -12 + -17068?
-1707a
In base 12, what is 7b2 - 503?
2ab
In base 3, what is -21 - 1212210?
-1220001
In base 8, what is -1727 + 6?
-1721
In base 13, what is -2 + 21038?
21036
In base 14, what is 1b97 + 15?
1bac
In base 13, what is -2 + -8a2?
-8a4
In base 3, what is -101120101 + 101?
-101120000
In base 13, what is 1 - 63b19?
-63b18
In base 10, what is 1376195 - 1?
1376194
In base 9, what is 0 - 43361?
-43361
In base 16, what is 4347e + 3?
43481
In base 9, what is -4000 - 3?
-4003
In base 14, what is 0 - 10022?
-10022
In base 3, what is -112 - 10011212012?
-10011212201
In base 9, what is 10830 - -37?
10867
In base 13, what is -163331 + 2?
-16332c
In base 5, what is 131031303 + 2?
131031310
In base 10, what is -285 + 799?
514
In base 4, what is -22 +